 is a(121)?
-11
Let p(g) = 236*g - 910. Determine p(5).
270
Let c(r) = r**2 + 8*r - 8. Give c(0).
-8
Let w(u) = u**3 - 43*u**2 - 322*u + 12204. What is w(44)?
-28
Let s(w) = -w**3 + 22*w**2 - 2*w + 79. What is s(22)?
35
Let o(y) = -y**3 + 16*y**2 + 256*y - 3972. Give o(14).
4
Let o(v) = -2*v**3 + 223*v**2 - 328*v - 206. What is o(110)?
14
Let q(w) = w**2 + 962*w - 20637. Determine q(21).
6
Let n(q) = -9*q**3 - q**2 + 7*q + 20. What is n(-2)?
74
Let x(a) = -63*a + 360. Give x(7).
-81
Let z(b) = b**2 + 43*b - 601. Give z(11).
-7
Let p(i) = 66*i**3 - 3*i**2 + 14*i - 12. What is p(1)?
65
Let r(m) = -480*m + 5767. Determine r(12).
7
Let i(k) = -2288*k + 114409. What is i(50)?
9
Let p(f) = 2*f**2 + 34*f + 134. Calculate p(-15).
74
Let n(y) = -y**2 + 207*y + 3554. Determine n(-16).
-14
Let z(l) = -6*l - 502. What is z(-95)?
68
Let v(d) = -d**3 + 9*d**2 + 6*d - 15. Determine v(7).
125
Let q(p) = -43*p**2 + 78*p + 9. What is q(2)?
-7
Let a(z) = -1125*z + 2245. Determine a(2).
-5
Let i(c) = -c**3 + 5*c**2 + 99*c - 494. Determine i(5).
1
Let x(v) = 26*v + 717. Determine x(-27).
15
Let y(k) = -3*k**3 + 173*k**2 - 116*k + 106. What is y(57)?
-8
Let d(r) = -17*r**3 - r**2 - 1. Determine d(-2).
131
Let r(n) = -n**2 + 154*n - 890. What is r(148)?
-2
Let y(q) = q**2 + 107*q - 2580. Determine y(20).
-40
Let w(a) = 2616*a + 49693. What is w(-19)?
-11
Let w(h) = 998*h + 3991. What is w(-4)?
-1
Let l(o) = 74*o + 804. Give l(-11).
-10
Let s(v) = -42*v - 582. Determine s(-16).
90
Let g(t) = 151*t - 2237. What is g(16)?
179
Let s(a) = -a**2 + 30*a + 72. Give s(34).
-64
Let h(l) = -38*l - 270. What is h(-4)?
-118
Let u(b) = b**3 - 58*b**2 + 49*b - 2. What is u(57)?
-458
Let n(q) = -11*q**2 + 470*q + 128. Calculate n(43).
-1
Let b(r) = 2*r**2 - 173*r + 2483. Determine b(18).
17
Let q(x) = 11612*x + 19. Calculate q(0).
19
Let f(x) = -x**3 + 15*x**2 + 318*x - 67. Give f(-12).
5
Let l(c) = -2*c - 79. Calculate l(-26).
-27
Let s(g) = -79*g + 2751. Calculate s(35).
-14
Let r(f) = -2*f**3 - 219*f - 1130. Determine r(-5).
215
Let n(b) = -8*b + 19. Give n(-19).
171
Let n(x) = -17*x - 76. Calculate n(-5).
9
Let a(g) = -14*g - 7. What is a(1)?
-21
Let a(s) = -s**3 + s**2 + 13*s + 14. Determine a(-3).
11
Let v(l) = 117*l - 73. Give v(1).
44
Let m(u) = -484*u - 6256. What is m(-13)?
36
Let z(b) = -113*b - 537. Determine z(-5).
28
Let p(c) = -271*c + 8123. What is p(30)?
-7
Let m(g) = 47*g**3 + 2*g**2 - 4*g + 3. Determine m(1).
48
Let u(y) = -32*y - 504. Calculate u(-5).
-344
Let r(j) = j**3 + 16*j**2 - 26*j + 27. Calculate r(-18).
-153
Let n(w) = -2*w**2 + 11*w - 22. What is n(4)?
-10
Let j(w) = 6*w**2 - 14*w + 18. What is j(5)?
98
Let m(p) = 2*p**2 - 71*p - 69. Calculate m(34).
-171
Let x(z) = -756*z**3 - z**2 - 7*z - 7. What is x(-1)?
755
Let c(k) = -32*k - 34. Calculate c(0).
-34
Let o(t) = 104*t + 3742. Calculate o(-36).
-2
Let u(o) = -11*o - 432. Calculate u(-31).
-91
Let f(r) = -99*r - 1038. Give f(-15).
447
Let q(k) = 3*k**2 + 332*k + 3041. Give q(-10).
21
Let g(i) = 6*i**3 + 2*i**2 + 3*i + 251. Give g(0).
251
Let w(s) = -164*s**2 + 620*s - 377. Calculate w(3).
7
Let a(m) = -91*m + 161. Determine a(5).
-294
Let q(j) = -7*j + 79. Determine q(20).
-61
Let y(w) = 5*w**3 + 329*w**2 - 65*w + 187. Give y(-66).
121
Let o(q) = 196*q - 5892. Give o(30).
-12
Let x(b) = b**2 + 35*b + 118. Calculate x(-28).
-78
Let f(a) = -5*a**2 - 42*a + 524. Determine f(-15).
29
Let m(d) = d**2 + 84*d + 1592. What is m(-56)?
24
Let y(g) = 3*g + 262. Calculate y(37).
373
Let w(g) = -3*g**2 + 9*g + 62. What is w(-5)?
-58
Let h(u) = 2*u**3 + 44*u**2 + 4*u + 113. What is h(-22)?
25
Let a(q) = 45*q**3 - 3*q**2 - q + 3. What is a(1)?
44
Let z(n) = -n**3 - 57*n**2 - 913*n - 2931. Give z(-29).
-2
Let z(f) = 4*f - 198. Calculate z(29).
-82
Let m(w) = w**3 - 43*w**2 - 223*w - 802. Determine m(48).
14
Let l(b) = -40*b - 785. What is l(-18)?
-65
Let n(s) = 306*s - 4894. What is n(16)?
2
Let u(y) = -y**3 - 57*y**2 + 57*y - 50. Calculate u(-58).
8
Let p(o) = -13*o**2 - 14*o + 30. Give p(2).
-50
Let h(n) = -n**2 - 16*n - 56. Determine h(-10).
4
Let c(m) = -m**2 + 125*m - 3872. What is c(68)?
4
Let u(a) = -a**2 + 24*a - 85. Calculate u(5).
10
Let b(h) = -1525*h - 1516. Calculate b(-1).
9
Let b(g) = -g**3 - 19*g**2 - 55*g + 3. What is b(-16)?
115
Let q(b) = -6*b**3 - 58*b**2 + 17*b - 49. Calculate q(-10).
-19
Let y(s) = -11*s**2 - 10*s - 17. Give y(-2).
-41
Let b(x) = -5*x**3 - 33*x**2 + 3*x - 31. Give b(-7).
46
Let t(u) = 10*u**3 - 254*u**2 + 86*u + 366. Determine t(25).
16
Let p(d) = -2*d**3 - 6*d**2 + 41*d - 24. Determine p(-6).
-54
Let q(b) = -17*b**2 + 2072*b + 233. Determine q(122).
-11
Let h(l) = -1755*l - 13999. What is h(-8)?
41
Let n(o) = -2*o**2 + 7*o - 9. Calculate n(5).
-24
Let p(q) = q**3 - 78*q**2 - 82*q + 261. Determine p(79).
24
Let g(r) = -8*r + 616. Determine g(80).
-24
Let g(j) = -5542*j + 77580. Give g(14).
-8
Let b(n) = -4*n**2 + 588*n + 2373. Give b(-4).
-43
Let a(s) = -15*s + 184. Determine a(16).
-56
Let s(x) = 426*x**2 + 26*x - 24. Determine s(1).
428
Let h(y) = 129*y + 1411. Determine h(-11).
-8
Let z(b) = -315*b + 325. Give z(1).
10
Let g(p) = 2*p**3 - 101*p**2 - 55*p + 179. Determine g(51).
-25
Let n(b) = -4*b - 145. Determine n(-22).
-57
Let v(b) = b**3 - 62*b**2 - 3*b + 179. Calculate v(62).
-7
Let l(m) = m**2 - 59*m + 633. Calculate l(15).
-27
Let j(r) = 2*r**3 + 12*r**2 - 25*r + 30. What is j(-8)?
-26
Let h(x) = -x**3 + 41*x**2 - 56*x - 855. Give h(39).
3
Let b(a) = -6*a**2 - 5*a - 37. Calculate b(-5).
-162
Let p(d) = 29*d - 39. Give p(8).
193
Let c(q) = 93*q**3 + 2*q**2 + 2*q + 3. Determine c(-1).
-90
Let z(m) = -76*m + 123. Give z(2).
-29
Let a(w) = w**3 - 12*w**2 - 45*w + 2. What is a(-3)?
2
Let b(f) = -54*f**2 - 862*f + 19. Calculate b(-16).
-13
Let d(v) = 6317*v - 157914. Calculate d(25).
11
Let t(z) = -9*z**2 + z + 80. Give t(3).
2
Let f(r) = r**3 + 6*r**2 - 38*r - 38. What is f(-12)?
-446
Let h(p) = p**3 - 55*p - 156. Give h(-4).
0
Let c(j) = -j**3 - 95*j**2 - 204*j - 1674. Calculate c(-93).
0
Let o(n) = -51*n - 19. Give o(-6).
287
Let d(i) = -2*i**3 + 32*i**2 - 39*i + 28. What is d(14)?
266
Let c(z) = -61*z - 19509. Give c(-320).
11
Let n(p) = -p**2 - 16*p - 75. What is n(-13)?
-36
Let d(m) = -3*m**3 - 41*m**2 - 25*m + 16. Determine d(-13).
3
Let k(b) = 12*b**3 + 186*b**2 + 85*b - 67. Determine k(-15).
8
Let l(c) = 330*c - 1303. Calculate l(4).
17
Let n(f) = 19*f**3 + 3*f**2 - 5*f - 11. What is n(-2)?
-141
Let s(p) = 50*p - 258. Determine s(0).
-258
Let c(n) = n**3 - 18*n**2 + 33*n - 67. Determine c(16).
-51
Let q(j) = 2*j**3 - 33*j**2 - 60*j + 775. Give q(17).
44
Let q(f) = -10*f - 355. Give q(-36).
5
Let z(d) = -d**2 - 55*d + 492. Give z(-62).
58
Let f(i) = 137*i + 7008. Determine f(-51).
21
Let a(l) = l**3 - 18*l**2 + 73*l + 62. Give a(10).
-8
Let k(i) = -30*i + 394. Give k(12).
34
Let r(x) = -x**3 + 14*x**2 + 37*x - 69. Calculate r(16).
11
Let o(h) = -3*h**3 - 5*h**2 + 7*h - 5. Calculate o(-5).
210
Let q(f) = 19*f + 244. What is q(-12)?
16
Let a(r) = 547*r + 5506. Determine a(-10).
36
Let z(y) = 2909*y - 96005. Calculate z(33).
-8
Let u(q) = -q**3 + 40*q**2 + 5*q - 362. Give u(40).
-162
Let r(z) = 4*z**2 + 34*z - 77. Determine r(3).
61
Let v(m) = 2*m**2 - 13*m + 44. Give v(4).
24
Let b(r) = -15*r**2 - 5*r - 8. Calculate b(0).
-8
Let x(r) = -16*r**2 + r - 32. Determine x(0).
-32
Let o(c) = -869*c + 6954. What is o(8)?
2
Let s(p) = -12*p - 242. Give s(11).
-374
Let n(t) = t**3 + 10*t**2 - 64*t - 175. Give n(-14).
-63
Let t(c) = -579*c - 2976. What is t(-5)?
-81
Let y(d) = 2*d**3 - 70*d**2 + 113*d + 47. Give y(2).
9
Let v(q) = 2*q**2 + 143*q + 1914. Give v(-16).
138
Let v(h) = 14*h + 698. Determine v(-52).
-30
Let v(c) = c**3 - c**2 - 153*c - 68. Give v(13).
-29
Let u(m) = -5*m**2 - 39*m - 89. Determine u(-13).
-427
Let b(p) = p**2 - 32*p + 65. What is b(17)?
-190
Let y(z) = 2*z**3 + 11*z**2 + 16*z - 8. Calculate y(-4).
-24
Let l(b) = -9*b + 107. What is l(-27)?
350
Let b(t) = t**2 + 23*t + 75. What is b(-13)?
-55
Let m(k) = 6203*k + 179882. Calculate m(-29).
-5
Let w(u) = -u**3 - 7*u**2 - 31*u + 7. Determine w(-5).
112
Let a(p) = 315*p - 7558. Determine a(24).
2
Let a(c) = -194*c + 6520. Calculate a(34).
-76
Let g(d) = -2*d**3 + 1160*d**2 + 4669*d - 9. What is g(-4)?
3
